{"id":1275,"date":"2017-12-27T12:14:33","date_gmt":"2017-12-27T15:14:33","guid":{"rendered":"http:\/\/meriansrl.com\/home\/?post_type=product&#038;p=1275"},"modified":"2021-07-28T16:17:22","modified_gmt":"2021-07-28T19:17:22","slug":"cd1-cable-elevador-electrico","status":"publish","type":"product","link":"https:\/\/meriansrl.com\/home\/producto\/cd1-cable-elevador-electrico\/","title":{"rendered":"CD1 Cable Elevador El\u00e9ctrico"},"content":{"rendered":"<p><img loading=\"lazy\" decoding=\"async\" class=\"alignnone size-full wp-image-1277\" src=\"http:\/\/meriansrl.com\/home\/wp-content\/uploads\/2017\/12\/Inf-Tec-3.png\" alt=\"\" width=\"640\" height=\"428\" srcset=\"https:\/\/meriansrl.com\/home\/wp-content\/uploads\/2017\/12\/Inf-Tec-3.png 640w, https:\/\/meriansrl.com\/home\/wp-content\/uploads\/2017\/12\/Inf-Tec-3-600x401.png 600w\" sizes=\"auto, (max-width: 640px) 100vw, 640px\" \/><\/p>\n","protected":false},"excerpt":{"rendered":"<p>El CD1 Cable Elevador El\u00e9ctrico tiene una estructura compacta, peso ligero, volumen peque\u00f1o, notable versatilidad de repuestos y un manejo sencillo. Su engranaje utiliza un dise\u00f1o de diente duro para su rotaci\u00f3n, logrando una larga vida\u00a0\u00fatil\u00a0y una eficiencia mec\u00e1nica elevada. La maquinaria el\u00e9ctrica utiliza el rotor c\u00f3nico en forma de aplicar el freno de accionamiento el\u00e9ctrico, posee el alto y bajo bloqueo bidireccional de seguridad.<\/p>\n","protected":false},"featured_media":2365,"comment_status":"open","ping_status":"closed","template":"","meta":[],"class_list":{"0":"post-1275","1":"product","2":"type-product","3":"status-publish","4":"has-post-thumbnail","6":"product_cat-accesorios-aparejos","8":"first","9":"instock","10":"taxable","11":"shipping-taxable","12":"product-type-simple"},"_links":{"self":[{"href":"https:\/\/meriansrl.com\/home\/wp-json\/wp\/v2\/product\/1275","targetHints":{"allow":["GET"]}}],"collection":[{"href":"https:\/\/meriansrl.com\/home\/wp-json\/wp\/v2\/product"}],"about":[{"href":"https:\/\/meriansrl.com\/home\/wp-json\/wp\/v2\/types\/product"}],"replies":[{"embeddable":true,"href":"https:\/\/meriansrl.com\/home\/wp-json\/wp\/v2\/comments?post=1275"}],"wp:featuredmedia":[{"embeddable":true,"href":"https:\/\/meriansrl.com\/home\/wp-json\/wp\/v2\/media\/2365"}],"wp:attachment":[{"href":"https:\/\/meriansrl.com\/home\/wp-json\/wp\/v2\/media?parent=1275"}],"curies":[{"name":"wp","href":"https:\/\/api.w.org\/{rel}","templated":true}]}}