{"id":1770,"date":"2017-08-08T11:07:17","date_gmt":"2017-08-08T14:07:17","guid":{"rendered":"http:\/\/meriansrl.com\/home\/?post_type=product&#038;p=1770"},"modified":"2020-07-01T16:20:30","modified_gmt":"2020-07-01T19:20:30","slug":"gel-decapante","status":"publish","type":"product","link":"https:\/\/meriansrl.com\/home\/producto\/gel-decapante\/","title":{"rendered":"Gel Decapante"},"content":{"rendered":"<p>Ventajas:<br \/>\n\u2022 No ataca el metal base por ser espec\u00edficamente formulado para soldaduras.<br \/>\n\u2022 No gotea, evitando las chorreaduras de los decapantes l\u00edquidos, especialmente en la aplicaci\u00f3n en tanques y equipos<br \/>\nde altura.<br \/>\n\u2022 No desprende vapores irritantes ni olores desagradables, por consiguiente no irrita las mucosas del operador.<br \/>\nIdeal para uso en todos los procesos metal\u00fargicos de construcci\u00f3n y montaje con acero inoxidable.<\/p>\n<p><img loading=\"lazy\" decoding=\"async\" class=\"alignnone size-full wp-image-1772\" src=\"http:\/\/meriansrl.com\/home\/wp-content\/uploads\/2018\/01\/Gel-Decapante-Inf.png\" alt=\"\" width=\"619\" height=\"200\" srcset=\"https:\/\/meriansrl.com\/home\/wp-content\/uploads\/2018\/01\/Gel-Decapante-Inf.png 619w, https:\/\/meriansrl.com\/home\/wp-content\/uploads\/2018\/01\/Gel-Decapante-Inf-600x194.png 600w\" sizes=\"auto, (max-width: 619px) 100vw, 619px\" \/><\/p>\n","protected":false},"excerpt":{"rendered":"<p>Gel decapante exento de cloruros, se utiliza para limpieza y decapado de soldaduras en aceros inoxidables y aleaciones espec\u00edficas, en cualquier posici\u00f3n de las mismas y a temperatura ambiente. Es una soluci\u00f3n homog\u00e9nea, no se separa y no necesita mezclarse. Se aplica a pincel, cubriendo de 6 a 8 mts cuadrados por kilo.<\/p>\n","protected":false},"featured_media":1771,"comment_status":"open","ping_status":"closed","template":"","meta":[],"class_list":{"0":"post-1770","1":"product","2":"type-product","3":"status-publish","4":"has-post-thumbnail","6":"product_cat-decapantes-y-pasivantes","8":"first","9":"instock","10":"taxable","11":"shipping-taxable","12":"product-type-simple"},"_links":{"self":[{"href":"https:\/\/meriansrl.com\/home\/wp-json\/wp\/v2\/product\/1770","targetHints":{"allow":["GET"]}}],"collection":[{"href":"https:\/\/meriansrl.com\/home\/wp-json\/wp\/v2\/product"}],"about":[{"href":"https:\/\/meriansrl.com\/home\/wp-json\/wp\/v2\/types\/product"}],"replies":[{"embeddable":true,"href":"https:\/\/meriansrl.com\/home\/wp-json\/wp\/v2\/comments?post=1770"}],"wp:featuredmedia":[{"embeddable":true,"href":"https:\/\/meriansrl.com\/home\/wp-json\/wp\/v2\/media\/1771"}],"wp:attachment":[{"href":"https:\/\/meriansrl.com\/home\/wp-json\/wp\/v2\/media?parent=1770"}],"curies":[{"name":"wp","href":"https:\/\/api.w.org\/{rel}","templated":true}]}}