{"id":2045,"date":"2018-02-07T15:57:52","date_gmt":"2018-02-07T18:57:52","guid":{"rendered":"http:\/\/meriansrl.com\/home\/?post_type=product&#038;p=2045"},"modified":"2019-11-08T09:39:00","modified_gmt":"2019-11-08T12:39:00","slug":"acoples-rapidos","status":"publish","type":"product","link":"https:\/\/meriansrl.com\/home\/producto\/acoples-rapidos\/","title":{"rendered":"Acoples R\u00e1pidos"},"content":{"rendered":"<h4 class=\"title-caracteristicas\">Caracter\u00edsticas principales<\/h4>\n<ul class=\"caracteristicas-producto clearfix\">\n<li>M\u00e1xima capacidad de corte 300 mm<\/li>\n<li>Espesor de soldadura 30 mm<\/li>\n<li>Poder de calentamiento 59.000 kcal\/h<\/li>\n<li>Caudal m\u00e1ximo a 8 bar 50 m3\/h de ox\u00edgeno<\/li>\n<li>Presi\u00f3n m\u00e1xima de trabajo 20 bar de ox\u00edgeno<\/li>\n<li>Presi\u00f3n m\u00e1xima de trabajo 01 bar de acetileno<\/li>\n<\/ul>\n<div class=\"entry list-products-bullet clearfix\">\n<div class=\"page\" title=\"Page 1\">\n<div class=\"section\">\n<div class=\"layoutArea\">\n<div class=\"column\">\n<p>&nbsp;<\/p>\n<ul>\n<li>Mejora la productividad y la seguridad.<\/li>\n<li>No se pueden conectar en el gas equivocado.<\/li>\n<li>Con v\u00e1lvula de retenci\u00f3n incorporada.<\/li>\n<li>Aptos para soldar-cortar y calentar con llama (libres de aceite).<\/li>\n<li>Acople macho niquelado para aumentar la vida \u00fatil del mismo.<\/li>\n<li>Dise\u00f1ado bajo norma EN565.\u00a0ALR8308-ALR8320<\/li>\n<\/ul>\n<\/div>\n<\/div>\n<\/div>\n<\/div>\n<\/div>\n<div class=\"important-text-product\">\n<div class=\"footer-producto\">\n<p><strong>Importante:<\/strong><\/p>\n<p>Los acoples r\u00e1pidos no reemplazan los dispositivos de seguridad. Usar siempre v\u00e1lvulas arrestallamas y v\u00e1lvulas de corte por exceso de caudal (anti-explosivas) Stop-flow.<\/p>\n<\/div>\n<p><img loading=\"lazy\" decoding=\"async\" class=\"alignnone wp-image-2971 size-full\" src=\"https:\/\/meriansrl.com\/home\/wp-content\/uploads\/2018\/02\/ALR8308-20.png\" alt=\"\" width=\"840\" height=\"1047\" srcset=\"https:\/\/meriansrl.com\/home\/wp-content\/uploads\/2018\/02\/ALR8308-20.png 840w, https:\/\/meriansrl.com\/home\/wp-content\/uploads\/2018\/02\/ALR8308-20-600x748.png 600w, https:\/\/meriansrl.com\/home\/wp-content\/uploads\/2018\/02\/ALR8308-20-768x957.png 768w, https:\/\/meriansrl.com\/home\/wp-content\/uploads\/2018\/02\/ALR8308-20-822x1024.png 822w\" sizes=\"auto, (max-width: 840px) 100vw, 840px\" \/><\/p>\n<\/div>\n","protected":false},"excerpt":{"rendered":"<h3 class=\"title-description\">Para soldar-cortar y calentar: ALR8308 &#8211; ALR8320<\/h3>\n<p><img loading=\"lazy\" decoding=\"async\" class=\"alignnone wp-image-2973 size-medium\" src=\"https:\/\/meriansrl.com\/home\/wp-content\/uploads\/2018\/02\/INDICES-ALR8308-20-157x300.png\" alt=\"\" width=\"157\" height=\"300\" \/><\/p>\n","protected":false},"featured_media":2972,"comment_status":"open","ping_status":"closed","template":"","meta":[],"class_list":{"0":"post-2045","1":"product","2":"type-product","3":"status-publish","4":"has-post-thumbnail","6":"product_cat-equipos-para-soldar-corte-con-gas","7":"product_cat-valvulas","9":"first","10":"instock","11":"taxable","12":"shipping-taxable","13":"product-type-simple"},"_links":{"self":[{"href":"https:\/\/meriansrl.com\/home\/wp-json\/wp\/v2\/product\/2045","targetHints":{"allow":["GET"]}}],"collection":[{"href":"https:\/\/meriansrl.com\/home\/wp-json\/wp\/v2\/product"}],"about":[{"href":"https:\/\/meriansrl.com\/home\/wp-json\/wp\/v2\/types\/product"}],"replies":[{"embeddable":true,"href":"https:\/\/meriansrl.com\/home\/wp-json\/wp\/v2\/comments?post=2045"}],"wp:featuredmedia":[{"embeddable":true,"href":"https:\/\/meriansrl.com\/home\/wp-json\/wp\/v2\/media\/2972"}],"wp:attachment":[{"href":"https:\/\/meriansrl.com\/home\/wp-json\/wp\/v2\/media?parent=2045"}],"curies":[{"name":"wp","href":"https:\/\/api.w.org\/{rel}","templated":true}]}}