{"id":2056,"date":"2018-02-15T14:54:46","date_gmt":"2018-02-15T17:54:46","guid":{"rendered":"http:\/\/meriansrl.com\/home\/?post_type=product&#038;p=2056"},"modified":"2020-08-12T16:43:06","modified_gmt":"2020-08-12T19:43:06","slug":"equipo-de-corte-plasma-reg-electronica-blucut-121","status":"publish","type":"product","link":"https:\/\/meriansrl.com\/home\/producto\/equipo-de-corte-plasma-reg-electronica-blucut-121\/","title":{"rendered":"Plasma Reg. Electr\u00f3nica BLUCUT 121"},"content":{"rendered":"<p><img loading=\"lazy\" decoding=\"async\" class=\"alignnone wp-image-4361 size-full\" src=\"https:\/\/meriansrl.com\/home\/wp-content\/uploads\/2018\/02\/CARAC-BLU-121.png\" alt=\"\" width=\"686\" height=\"452\" srcset=\"https:\/\/meriansrl.com\/home\/wp-content\/uploads\/2018\/02\/CARAC-BLU-121.png 686w, https:\/\/meriansrl.com\/home\/wp-content\/uploads\/2018\/02\/CARAC-BLU-121-640x422.png 640w, https:\/\/meriansrl.com\/home\/wp-content\/uploads\/2018\/02\/CARAC-BLU-121-400x264.png 400w, https:\/\/meriansrl.com\/home\/wp-content\/uploads\/2018\/02\/CARAC-BLU-121-600x395.png 600w\" sizes=\"auto, (max-width: 686px) 100vw, 686px\" \/><\/p>\n","protected":false},"excerpt":{"rendered":"<p>Equipo de corte plasma para uso con aire comprimido con control electr\u00f3nico de la corriente de corte.<\/p>\n<p>Dotado de dispositivo de visualizaci\u00f3n y control para indicar la presencia de alimentaci\u00f3n, la intervenci\u00f3n de la protecci\u00f3n t\u00e9rmica (termostato), del interruptor de presi\u00f3n de corte (presostato) y el correcto funcionamiento del ciclo de corte. Este generador permite cortar y perforar en forma veloz toda clase de metal, con una corriente que no es perturbada por variaciones en la tensi\u00f3n de alimentaci\u00f3n o cambios en la distancia de trabajo entre la torcha y la pieza. Esta tecnolog\u00eda reduce el poder total absorbido y extiende la vida de los consumibles de la torcha. Estos equipos est\u00e1n preparados para conectar una m\u00e1quina de CNC robotizada.<\/p>\n","protected":false},"featured_media":2057,"comment_status":"open","ping_status":"closed","template":"","meta":[],"class_list":{"0":"post-2056","1":"product","2":"type-product","3":"status-publish","4":"has-post-thumbnail","6":"product_cat-equipos-de-corte-plasma","7":"product_cat-regulacion-electronica","8":"product_tag-equipo-corte-plasma","9":"product_tag-inverter","11":"first","12":"instock","13":"taxable","14":"shipping-taxable","15":"product-type-simple"},"_links":{"self":[{"href":"https:\/\/meriansrl.com\/home\/wp-json\/wp\/v2\/product\/2056","targetHints":{"allow":["GET"]}}],"collection":[{"href":"https:\/\/meriansrl.com\/home\/wp-json\/wp\/v2\/product"}],"about":[{"href":"https:\/\/meriansrl.com\/home\/wp-json\/wp\/v2\/types\/product"}],"replies":[{"embeddable":true,"href":"https:\/\/meriansrl.com\/home\/wp-json\/wp\/v2\/comments?post=2056"}],"wp:featuredmedia":[{"embeddable":true,"href":"https:\/\/meriansrl.com\/home\/wp-json\/wp\/v2\/media\/2057"}],"wp:attachment":[{"href":"https:\/\/meriansrl.com\/home\/wp-json\/wp\/v2\/media?parent=2056"}],"curies":[{"name":"wp","href":"https:\/\/api.w.org\/{rel}","templated":true}]}}