{"id":3622,"date":"2020-04-15T09:37:51","date_gmt":"2020-04-15T12:37:51","guid":{"rendered":"https:\/\/meriansrl.com\/home\/?post_type=product&#038;p=3622"},"modified":"2020-05-21T11:18:36","modified_gmt":"2020-05-21T14:18:36","slug":"electrodo-utp-670","status":"publish","type":"product","link":"https:\/\/meriansrl.com\/home\/producto\/electrodo-utp-670\/","title":{"rendered":"Electrodo UTP 670"},"content":{"rendered":"<p><img loading=\"lazy\" decoding=\"async\" class=\"alignnone wp-image-3918 size-full\" src=\"https:\/\/meriansrl.com\/home\/wp-content\/uploads\/2020\/04\/UTP-670.png\" alt=\"\" width=\"774\" height=\"239\" srcset=\"https:\/\/meriansrl.com\/home\/wp-content\/uploads\/2020\/04\/UTP-670.png 774w, https:\/\/meriansrl.com\/home\/wp-content\/uploads\/2020\/04\/UTP-670-768x237.png 768w, https:\/\/meriansrl.com\/home\/wp-content\/uploads\/2020\/04\/UTP-670-640x198.png 640w, https:\/\/meriansrl.com\/home\/wp-content\/uploads\/2020\/04\/UTP-670-400x124.png 400w, https:\/\/meriansrl.com\/home\/wp-content\/uploads\/2020\/04\/UTP-670-600x185.png 600w\" sizes=\"auto, (max-width: 774px) 100vw, 774px\" \/><\/p>\n<p>Hoja T\u00e9cnica:<\/p>\n<p><a href=\"https:\/\/meriansrl.com\/home\/wp-content\/uploads\/2020\/04\/utp-670.pdf\" target=\"_blank\" rel=\"noopener noreferrer\">utp 670<\/a><\/p>\n","protected":false},"excerpt":{"rendered":"<p>Electrodo b\u00e1sico para revestimientos duros contra abrasi\u00f3n, compresi\u00f3n, rozamiento en fr\u00edo, en caliente e impacto elevado. Alto rendimiento, f\u00e1cil remoci\u00f3n de escoria y cordones con buena terminaci\u00f3n. A pesar de la alta dureza, el material depositado no presenta fisuras.<\/p>\n","protected":false},"featured_media":3568,"comment_status":"open","ping_status":"closed","template":"","meta":[],"class_list":{"0":"post-3622","1":"product","2":"type-product","3":"status-publish","4":"has-post-thumbnail","6":"product_cat-consumibles-y-aportes","7":"product_cat-electrodos","8":"product_cat-electrodos-revestimiento-duro","9":"yith_product_brand-bohler","11":"first","12":"instock","13":"taxable","14":"shipping-taxable","15":"product-type-simple"},"_links":{"self":[{"href":"https:\/\/meriansrl.com\/home\/wp-json\/wp\/v2\/product\/3622","targetHints":{"allow":["GET"]}}],"collection":[{"href":"https:\/\/meriansrl.com\/home\/wp-json\/wp\/v2\/product"}],"about":[{"href":"https:\/\/meriansrl.com\/home\/wp-json\/wp\/v2\/types\/product"}],"replies":[{"embeddable":true,"href":"https:\/\/meriansrl.com\/home\/wp-json\/wp\/v2\/comments?post=3622"}],"wp:featuredmedia":[{"embeddable":true,"href":"https:\/\/meriansrl.com\/home\/wp-json\/wp\/v2\/media\/3568"}],"wp:attachment":[{"href":"https:\/\/meriansrl.com\/home\/wp-json\/wp\/v2\/media?parent=3622"}],"curies":[{"name":"wp","href":"https:\/\/api.w.org\/{rel}","templated":true}]}}