{"id":3670,"date":"2020-04-17T11:08:25","date_gmt":"2020-04-17T14:08:25","guid":{"rendered":"https:\/\/meriansrl.com\/home\/?post_type=product&#038;p=3670"},"modified":"2020-05-21T16:05:32","modified_gmt":"2020-05-21T19:05:32","slug":"varilla-er70s-6","status":"publish","type":"product","link":"https:\/\/meriansrl.com\/home\/producto\/varilla-er70s-6\/","title":{"rendered":"Varilla ER70S-6"},"content":{"rendered":"<p><img loading=\"lazy\" decoding=\"async\" class=\"alignnone wp-image-3942 size-full\" src=\"https:\/\/meriansrl.com\/home\/wp-content\/uploads\/2020\/04\/ER-70S6.png\" alt=\"\" width=\"769\" height=\"250\" srcset=\"https:\/\/meriansrl.com\/home\/wp-content\/uploads\/2020\/04\/ER-70S6.png 769w, https:\/\/meriansrl.com\/home\/wp-content\/uploads\/2020\/04\/ER-70S6-640x208.png 640w, https:\/\/meriansrl.com\/home\/wp-content\/uploads\/2020\/04\/ER-70S6-400x130.png 400w, https:\/\/meriansrl.com\/home\/wp-content\/uploads\/2020\/04\/ER-70S6-600x195.png 600w\" sizes=\"auto, (max-width: 769px) 100vw, 769px\" \/><\/p>\n<p>Hoja T\u00e9cnica:<\/p>\n<p><a href=\"https:\/\/meriansrl.com\/home\/wp-content\/uploads\/2020\/04\/ER70S-3.pdf\" target=\"_blank\" rel=\"noopener noreferrer\">ER70S-6<\/a><\/p>\n","protected":false},"excerpt":{"rendered":"<p>Varilla para soldar con arg\u00f3n. Campo de aplicaci\u00f3n: tanques, construcci\u00f3n de ductos, ingenier\u00eda met\u00e1lica.<\/p>\n","protected":false},"featured_media":3666,"comment_status":"open","ping_status":"closed","template":"","meta":[],"class_list":{"0":"post-3670","1":"product","2":"type-product","3":"status-publish","4":"has-post-thumbnail","6":"product_cat-acero-no-aleados-bajo-y-medio-contenido-de-carbono","7":"product_cat-consumibles-y-aportes","8":"product_cat-varillas-tig","9":"yith_product_brand-bohler","11":"first","12":"instock","13":"taxable","14":"shipping-taxable","15":"product-type-simple"},"_links":{"self":[{"href":"https:\/\/meriansrl.com\/home\/wp-json\/wp\/v2\/product\/3670","targetHints":{"allow":["GET"]}}],"collection":[{"href":"https:\/\/meriansrl.com\/home\/wp-json\/wp\/v2\/product"}],"about":[{"href":"https:\/\/meriansrl.com\/home\/wp-json\/wp\/v2\/types\/product"}],"replies":[{"embeddable":true,"href":"https:\/\/meriansrl.com\/home\/wp-json\/wp\/v2\/comments?post=3670"}],"wp:featuredmedia":[{"embeddable":true,"href":"https:\/\/meriansrl.com\/home\/wp-json\/wp\/v2\/media\/3666"}],"wp:attachment":[{"href":"https:\/\/meriansrl.com\/home\/wp-json\/wp\/v2\/media?parent=3670"}],"curies":[{"name":"wp","href":"https:\/\/api.w.org\/{rel}","templated":true}]}}