{"id":3681,"date":"2020-04-17T11:56:02","date_gmt":"2020-04-17T14:56:02","guid":{"rendered":"https:\/\/meriansrl.com\/home\/?post_type=product&#038;p=3681"},"modified":"2020-05-21T17:26:35","modified_gmt":"2020-05-21T20:26:35","slug":"varilla-er90sb3","status":"publish","type":"product","link":"https:\/\/meriansrl.com\/home\/producto\/varilla-er90sb3\/","title":{"rendered":"Varilla ER90SB3"},"content":{"rendered":"<p><img loading=\"lazy\" decoding=\"async\" class=\"alignnone wp-image-3946 size-full\" src=\"https:\/\/meriansrl.com\/home\/wp-content\/uploads\/2020\/04\/ER-90S-B3.png\" alt=\"\" width=\"769\" height=\"255\" srcset=\"https:\/\/meriansrl.com\/home\/wp-content\/uploads\/2020\/04\/ER-90S-B3.png 769w, https:\/\/meriansrl.com\/home\/wp-content\/uploads\/2020\/04\/ER-90S-B3-640x212.png 640w, https:\/\/meriansrl.com\/home\/wp-content\/uploads\/2020\/04\/ER-90S-B3-400x133.png 400w, https:\/\/meriansrl.com\/home\/wp-content\/uploads\/2020\/04\/ER-90S-B3-600x199.png 600w\" sizes=\"auto, (max-width: 769px) 100vw, 769px\" \/><\/p>\n<p>Hoja T\u00e9cnica:<\/p>\n<p><a href=\"https:\/\/meriansrl.com\/home\/wp-content\/uploads\/2020\/04\/ER90SB3.pdf\" target=\"_blank\" rel=\"noopener noreferrer\">ER90SB3<\/a><\/p>\n","protected":false},"excerpt":{"rendered":"<p>Varilla\/alambre de baja aleaci\u00f3n, excelentes caracter\u00edsticas mec\u00e1nicas. Soporta temperaturas de trabajo hasta 600\u00b0C. Material base P22.<\/p>\n","protected":false},"featured_media":3666,"comment_status":"open","ping_status":"closed","template":"","meta":[],"class_list":{"0":"post-3681","1":"product","2":"type-product","3":"status-publish","4":"has-post-thumbnail","6":"product_cat-acero-baja-aleacion","7":"product_cat-consumibles-y-aportes","8":"product_cat-varillas-tig","9":"yith_product_brand-bohler","11":"first","12":"instock","13":"taxable","14":"shipping-taxable","15":"product-type-simple"},"_links":{"self":[{"href":"https:\/\/meriansrl.com\/home\/wp-json\/wp\/v2\/product\/3681","targetHints":{"allow":["GET"]}}],"collection":[{"href":"https:\/\/meriansrl.com\/home\/wp-json\/wp\/v2\/product"}],"about":[{"href":"https:\/\/meriansrl.com\/home\/wp-json\/wp\/v2\/types\/product"}],"replies":[{"embeddable":true,"href":"https:\/\/meriansrl.com\/home\/wp-json\/wp\/v2\/comments?post=3681"}],"wp:featuredmedia":[{"embeddable":true,"href":"https:\/\/meriansrl.com\/home\/wp-json\/wp\/v2\/media\/3666"}],"wp:attachment":[{"href":"https:\/\/meriansrl.com\/home\/wp-json\/wp\/v2\/media?parent=3681"}],"curies":[{"name":"wp","href":"https:\/\/api.w.org\/{rel}","templated":true}]}}