{"id":3732,"date":"2020-04-22T13:07:28","date_gmt":"2020-04-22T16:07:28","guid":{"rendered":"https:\/\/meriansrl.com\/home\/?post_type=product&#038;p=3732"},"modified":"2020-05-28T17:35:42","modified_gmt":"2020-05-28T20:35:42","slug":"varilla-utp-a73-g-2","status":"publish","type":"product","link":"https:\/\/meriansrl.com\/home\/producto\/varilla-utp-a73-g-2\/","title":{"rendered":"Varilla UTP A73 G 2"},"content":{"rendered":"<p><img loading=\"lazy\" decoding=\"async\" class=\"alignnone wp-image-3980 size-full\" src=\"https:\/\/meriansrl.com\/home\/wp-content\/uploads\/2020\/04\/A-73-G2.png\" alt=\"\" width=\"768\" height=\"238\" srcset=\"https:\/\/meriansrl.com\/home\/wp-content\/uploads\/2020\/04\/A-73-G2.png 768w, https:\/\/meriansrl.com\/home\/wp-content\/uploads\/2020\/04\/A-73-G2-640x198.png 640w, https:\/\/meriansrl.com\/home\/wp-content\/uploads\/2020\/04\/A-73-G2-400x124.png 400w, https:\/\/meriansrl.com\/home\/wp-content\/uploads\/2020\/04\/A-73-G2-600x186.png 600w\" sizes=\"auto, (max-width: 768px) 100vw, 768px\" \/><\/p>\n<p>Hoja T\u00e9cnica:<\/p>\n<p><a href=\"https:\/\/meriansrl.com\/home\/wp-content\/uploads\/2020\/04\/UTP-73-G2.pdf\" target=\"_blank\" rel=\"noopener noreferrer\">UTP 73 G2<\/a><\/p>\n","protected":false},"excerpt":{"rendered":"<p>Varilla de soldadura CrMo para aplicaciones resistentes al desgaste en aceros fr\u00edos y calientes. El metal de soldadura puro alcanza una dureza de hasta 58 HRC y puede manejar temperaturas de funcionamiento de hasta 550 \u00b0 C. Debido a este alto nivel de dureza, la aleaci\u00f3n se usa principalmente para reparar aceros trabajados en fr\u00edo y de alta velocidad para conservar la nitidez de los bordes. Las aplicaciones de trabajo en caliente tambi\u00e9n son posibles. Esta varilla TIG se puede usar principalmente para hacer reparaciones m\u00e1s peque\u00f1as con costuras de soldadura de muy alta calidad.<\/p>\n","protected":false},"featured_media":3568,"comment_status":"open","ping_status":"closed","template":"","meta":[],"class_list":{"0":"post-3732","1":"product","2":"type-product","3":"status-publish","4":"has-post-thumbnail","6":"product_cat-consumibles-y-aportes","7":"product_cat-relleno-duro-niquel","8":"product_cat-varillas-tig","9":"yith_product_brand-bohler","11":"first","12":"instock","13":"taxable","14":"shipping-taxable","15":"product-type-simple"},"_links":{"self":[{"href":"https:\/\/meriansrl.com\/home\/wp-json\/wp\/v2\/product\/3732","targetHints":{"allow":["GET"]}}],"collection":[{"href":"https:\/\/meriansrl.com\/home\/wp-json\/wp\/v2\/product"}],"about":[{"href":"https:\/\/meriansrl.com\/home\/wp-json\/wp\/v2\/types\/product"}],"replies":[{"embeddable":true,"href":"https:\/\/meriansrl.com\/home\/wp-json\/wp\/v2\/comments?post=3732"}],"wp:featuredmedia":[{"embeddable":true,"href":"https:\/\/meriansrl.com\/home\/wp-json\/wp\/v2\/media\/3568"}],"wp:attachment":[{"href":"https:\/\/meriansrl.com\/home\/wp-json\/wp\/v2\/media?parent=3732"}],"curies":[{"name":"wp","href":"https:\/\/api.w.org\/{rel}","templated":true}]}}