{"id":3750,"date":"2020-04-24T11:18:25","date_gmt":"2020-04-24T14:18:25","guid":{"rendered":"https:\/\/meriansrl.com\/home\/?post_type=product&#038;p=3750"},"modified":"2020-06-01T15:19:29","modified_gmt":"2020-06-01T18:19:29","slug":"alambre-er80sb2","status":"publish","type":"product","link":"https:\/\/meriansrl.com\/home\/producto\/alambre-er80sb2\/","title":{"rendered":"Alambre ER80SB2"},"content":{"rendered":"<p><img loading=\"lazy\" decoding=\"async\" class=\"alignnone wp-image-3992 size-full\" src=\"https:\/\/meriansrl.com\/home\/wp-content\/uploads\/2020\/04\/er-80sb2222-1.png\" alt=\"\" width=\"780\" height=\"269\" srcset=\"https:\/\/meriansrl.com\/home\/wp-content\/uploads\/2020\/04\/er-80sb2222-1.png 780w, https:\/\/meriansrl.com\/home\/wp-content\/uploads\/2020\/04\/er-80sb2222-1-768x265.png 768w, https:\/\/meriansrl.com\/home\/wp-content\/uploads\/2020\/04\/er-80sb2222-1-640x221.png 640w, https:\/\/meriansrl.com\/home\/wp-content\/uploads\/2020\/04\/er-80sb2222-1-400x138.png 400w, https:\/\/meriansrl.com\/home\/wp-content\/uploads\/2020\/04\/er-80sb2222-1-600x207.png 600w\" sizes=\"auto, (max-width: 780px) 100vw, 780px\" \/><\/p>\n<p>Hoja T\u00e9cnica:<\/p>\n<p><a href=\"https:\/\/meriansrl.com\/home\/wp-content\/uploads\/2020\/04\/ER80S2-1.pdf\" target=\"_blank\" rel=\"noopener noreferrer\">ER80S2<\/a><\/p>\n","protected":false},"excerpt":{"rendered":"<p>Varilla\/alambre de baja aleaci\u00f3n para soldar aceros estructurales y de calderer\u00eda del tipo 1,25 Cr &#8211; 0,5 Mo. Tratable t\u00e9rmicamente.<\/p>\n","protected":false},"featured_media":3513,"comment_status":"open","ping_status":"closed","template":"","meta":[],"class_list":{"0":"post-3750","1":"product","2":"type-product","3":"status-publish","4":"has-post-thumbnail","6":"product_cat-alambres-aceros-baja-y-media-aleacion","7":"product_cat-alambres","8":"product_cat-consumibles-y-aportes","9":"yith_product_brand-bohler","11":"first","12":"instock","13":"taxable","14":"shipping-taxable","15":"product-type-simple"},"_links":{"self":[{"href":"https:\/\/meriansrl.com\/home\/wp-json\/wp\/v2\/product\/3750","targetHints":{"allow":["GET"]}}],"collection":[{"href":"https:\/\/meriansrl.com\/home\/wp-json\/wp\/v2\/product"}],"about":[{"href":"https:\/\/meriansrl.com\/home\/wp-json\/wp\/v2\/types\/product"}],"replies":[{"embeddable":true,"href":"https:\/\/meriansrl.com\/home\/wp-json\/wp\/v2\/comments?post=3750"}],"wp:featuredmedia":[{"embeddable":true,"href":"https:\/\/meriansrl.com\/home\/wp-json\/wp\/v2\/media\/3513"}],"wp:attachment":[{"href":"https:\/\/meriansrl.com\/home\/wp-json\/wp\/v2\/media?parent=3750"}],"curies":[{"name":"wp","href":"https:\/\/api.w.org\/{rel}","templated":true}]}}