{"id":4155,"date":"2020-07-01T17:21:29","date_gmt":"2020-07-01T20:21:29","guid":{"rendered":"https:\/\/meriansrl.com\/home\/?post_type=product&#038;p=4155"},"modified":"2020-07-01T17:22:20","modified_gmt":"2020-07-01T20:22:20","slug":"pasta-antiadherente","status":"publish","type":"product","link":"https:\/\/meriansrl.com\/home\/producto\/pasta-antiadherente\/","title":{"rendered":"Pasta Antiadherente"},"content":{"rendered":"<p><img loading=\"lazy\" decoding=\"async\" class=\"alignnone wp-image-4157 size-full\" src=\"https:\/\/meriansrl.com\/home\/wp-content\/uploads\/2020\/07\/CARAC-PASTA.png\" alt=\"\" width=\"895\" height=\"246\" srcset=\"https:\/\/meriansrl.com\/home\/wp-content\/uploads\/2020\/07\/CARAC-PASTA.png 895w, https:\/\/meriansrl.com\/home\/wp-content\/uploads\/2020\/07\/CARAC-PASTA-768x211.png 768w, https:\/\/meriansrl.com\/home\/wp-content\/uploads\/2020\/07\/CARAC-PASTA-640x176.png 640w, https:\/\/meriansrl.com\/home\/wp-content\/uploads\/2020\/07\/CARAC-PASTA-400x110.png 400w, https:\/\/meriansrl.com\/home\/wp-content\/uploads\/2020\/07\/CARAC-PASTA-600x165.png 600w\" sizes=\"auto, (max-width: 895px) 100vw, 895px\" \/><\/p>\n","protected":false},"excerpt":{"rendered":"<p class=\"Estilo14\" align=\"left\">Pasta utilizada para prevenir la adherencia de las proyecciones -Spatters- en los picos de torcha.<\/p>\n<p class=\"Estilo14\" align=\"left\">Su tecnolog\u00eda de formulaci\u00f3n la diferencia por el aporte de una pel\u00edcula protectiva de alta resistencia t\u00e9rmica en el metal, que inhibe la adhesi\u00f3n de las proyecciones de las soldaduras.<\/p>\n<p align=\"left\">PASTA x 250 Grs &#8211; CODIGO: TRY390P<\/p>\n","protected":false},"featured_media":4156,"comment_status":"open","ping_status":"closed","template":"","meta":[],"class_list":{"0":"post-4155","1":"product","2":"type-product","3":"status-publish","4":"has-post-thumbnail","6":"product_cat-antiadherentes","7":"product_cat-auxiliares-torchas","9":"first","10":"instock","11":"taxable","12":"shipping-taxable","13":"product-type-simple"},"_links":{"self":[{"href":"https:\/\/meriansrl.com\/home\/wp-json\/wp\/v2\/product\/4155","targetHints":{"allow":["GET"]}}],"collection":[{"href":"https:\/\/meriansrl.com\/home\/wp-json\/wp\/v2\/product"}],"about":[{"href":"https:\/\/meriansrl.com\/home\/wp-json\/wp\/v2\/types\/product"}],"replies":[{"embeddable":true,"href":"https:\/\/meriansrl.com\/home\/wp-json\/wp\/v2\/comments?post=4155"}],"wp:featuredmedia":[{"embeddable":true,"href":"https:\/\/meriansrl.com\/home\/wp-json\/wp\/v2\/media\/4156"}],"wp:attachment":[{"href":"https:\/\/meriansrl.com\/home\/wp-json\/wp\/v2\/media?parent=4155"}],"curies":[{"name":"wp","href":"https:\/\/api.w.org\/{rel}","templated":true}]}}