{"id":4179,"date":"2020-07-02T12:32:53","date_gmt":"2020-07-02T15:32:53","guid":{"rendered":"https:\/\/meriansrl.com\/home\/?post_type=product&#038;p=4179"},"modified":"2020-07-02T12:32:54","modified_gmt":"2020-07-02T15:32:54","slug":"revestimiento-p-galvanizar-brill","status":"publish","type":"product","link":"https:\/\/meriansrl.com\/home\/producto\/revestimiento-p-galvanizar-brill\/","title":{"rendered":"Revestimiento P\/Galvanizar Brill."},"content":{"rendered":"<p>C\u00d3DIGO: TRYCONPA | CONVERTECH PLATA AEROSOL REVES.P\/GALVANIZAR<\/p>\n<p>C\u00d3DIGO: TRYCONP1 | CONVERTECH PLATA <strong>1<\/strong> LT. REVES.P\/GALVANIZ.BRILL<\/p>\n<p>C\u00d3DIGO: TRYCONP4 | CONVERTECH PLATA <strong>4<\/strong> LT. REVES.P\/GALVANIZ.BRILL<\/p>\n<p><img loading=\"lazy\" decoding=\"async\" class=\"alignnone wp-image-4181 size-full\" src=\"https:\/\/meriansrl.com\/home\/wp-content\/uploads\/2020\/07\/CARACCONVERTPLATAA.png\" alt=\"\" width=\"928\" height=\"381\" srcset=\"https:\/\/meriansrl.com\/home\/wp-content\/uploads\/2020\/07\/CARACCONVERTPLATAA.png 928w, https:\/\/meriansrl.com\/home\/wp-content\/uploads\/2020\/07\/CARACCONVERTPLATAA-768x315.png 768w, https:\/\/meriansrl.com\/home\/wp-content\/uploads\/2020\/07\/CARACCONVERTPLATAA-640x263.png 640w, https:\/\/meriansrl.com\/home\/wp-content\/uploads\/2020\/07\/CARACCONVERTPLATAA-400x164.png 400w, https:\/\/meriansrl.com\/home\/wp-content\/uploads\/2020\/07\/CARACCONVERTPLATAA-600x246.png 600w\" sizes=\"auto, (max-width: 928px) 100vw, 928px\" \/><\/p>\n","protected":false},"excerpt":{"rendered":"<p class=\"Estilo14\" align=\"left\">Compuesto org\u00e1nico con excelentes caracter\u00edsticas para la protecci\u00f3n del hierro, como si fuera galvanizado por inmersi\u00f3n en caliente.<\/p>\n<p class=\"Estilo14\" align=\"left\">El esquema de pintado de un simple paso se define como de alto poder impermeabilizante, gran poder cubriente, gran adherencia, elasticidad y brillo met\u00e1lico reflectivo.<\/p>\n","protected":false},"featured_media":4180,"comment_status":"open","ping_status":"closed","template":"","meta":[],"class_list":{"0":"post-4179","1":"product","2":"type-product","3":"status-publish","4":"has-post-thumbnail","6":"product_cat-auxiliares-torchas","7":"product_cat-varios","9":"first","10":"instock","11":"taxable","12":"shipping-taxable","13":"product-type-simple"},"_links":{"self":[{"href":"https:\/\/meriansrl.com\/home\/wp-json\/wp\/v2\/product\/4179","targetHints":{"allow":["GET"]}}],"collection":[{"href":"https:\/\/meriansrl.com\/home\/wp-json\/wp\/v2\/product"}],"about":[{"href":"https:\/\/meriansrl.com\/home\/wp-json\/wp\/v2\/types\/product"}],"replies":[{"embeddable":true,"href":"https:\/\/meriansrl.com\/home\/wp-json\/wp\/v2\/comments?post=4179"}],"wp:featuredmedia":[{"embeddable":true,"href":"https:\/\/meriansrl.com\/home\/wp-json\/wp\/v2\/media\/4180"}],"wp:attachment":[{"href":"https:\/\/meriansrl.com\/home\/wp-json\/wp\/v2\/media?parent=4179"}],"curies":[{"name":"wp","href":"https:\/\/api.w.org\/{rel}","templated":true}]}}