{"id":4486,"date":"2020-08-28T17:41:59","date_gmt":"2020-08-28T20:41:59","guid":{"rendered":"https:\/\/meriansrl.com\/home\/?post_type=product&#038;p=4486"},"modified":"2021-04-19T08:49:49","modified_gmt":"2021-04-19T11:49:49","slug":"plasma-reg-electronica-blucut-151","status":"publish","type":"product","link":"https:\/\/meriansrl.com\/home\/producto\/plasma-reg-electronica-blucut-151\/","title":{"rendered":"Plasma Reg. Electr\u00f3nica BLUCUT 151"},"content":{"rendered":"<p><img loading=\"lazy\" decoding=\"async\" class=\"alignnone size-full wp-image-4487\" src=\"https:\/\/meriansrl.com\/home\/wp-content\/uploads\/2020\/08\/carc-blucut151.png\" alt=\"\" width=\"695\" height=\"532\" srcset=\"https:\/\/meriansrl.com\/home\/wp-content\/uploads\/2020\/08\/carc-blucut151.png 695w, https:\/\/meriansrl.com\/home\/wp-content\/uploads\/2020\/08\/carc-blucut151-640x490.png 640w, https:\/\/meriansrl.com\/home\/wp-content\/uploads\/2020\/08\/carc-blucut151-400x306.png 400w, https:\/\/meriansrl.com\/home\/wp-content\/uploads\/2020\/08\/carc-blucut151-600x459.png 600w\" sizes=\"auto, (max-width: 695px) 100vw, 695px\" \/><\/p>\n","protected":false},"excerpt":{"rendered":"<p>Equipo de corte plasma para uso con aire comprimido con control electr\u00f3nico de la corriente de corte.<\/p>\n<p>Dotado de dispositivo de visualizaci\u00f3n y control para indicar la presencia de alimentaci\u00f3n, la intervenci\u00f3n de la protecci\u00f3n t\u00e9rmica (termostato), del interruptor de presi\u00f3n de corte (presostato) y el correcto funcionamiento del ciclo de corte. Este generador permite cortar y perforar en forma veloz toda clase de metal, con una corriente que no es perturbada por variaciones en la tensi\u00f3n de alimentaci\u00f3n o cambios en la distancia de trabajo entre la torcha y la pieza. Esta tecnolog\u00eda reduce el poder total absorbido y extiende la vida de los consumibles de la torcha. Estos equipos est\u00e1n preparados para conectar una m\u00e1quina de CNC robotizada<\/p>\n<p><img loading=\"lazy\" decoding=\"async\" class=\"alignnone wp-image-4488 size-medium\" src=\"https:\/\/meriansrl.com\/home\/wp-content\/uploads\/2020\/08\/carc-blu1612222-108x300.png\" alt=\"\" width=\"108\" height=\"300\" \/><\/p>\n","protected":false},"featured_media":4489,"comment_status":"open","ping_status":"closed","template":"","meta":[],"class_list":{"0":"post-4486","1":"product","2":"type-product","3":"status-publish","4":"has-post-thumbnail","6":"product_cat-equipos-de-corte-plasma","7":"product_cat-regulacion-electronica","8":"product_cat-soldadura-y-corte","9":"yith_product_brand-bluweld","11":"first","12":"instock","13":"taxable","14":"shipping-taxable","15":"product-type-simple"},"_links":{"self":[{"href":"https:\/\/meriansrl.com\/home\/wp-json\/wp\/v2\/product\/4486","targetHints":{"allow":["GET"]}}],"collection":[{"href":"https:\/\/meriansrl.com\/home\/wp-json\/wp\/v2\/product"}],"about":[{"href":"https:\/\/meriansrl.com\/home\/wp-json\/wp\/v2\/types\/product"}],"replies":[{"embeddable":true,"href":"https:\/\/meriansrl.com\/home\/wp-json\/wp\/v2\/comments?post=4486"}],"wp:featuredmedia":[{"embeddable":true,"href":"https:\/\/meriansrl.com\/home\/wp-json\/wp\/v2\/media\/4489"}],"wp:attachment":[{"href":"https:\/\/meriansrl.com\/home\/wp-json\/wp\/v2\/media?parent=4486"}],"curies":[{"name":"wp","href":"https:\/\/api.w.org\/{rel}","templated":true}]}}