{"id":790,"date":"2018-02-01T15:17:11","date_gmt":"2018-02-01T18:17:11","guid":{"rendered":"http:\/\/meriansrl.com\/home\/?post_type=product&#038;p=790"},"modified":"2018-02-15T15:46:38","modified_gmt":"2018-02-15T18:46:38","slug":"torchas-minor-15-25-36","status":"publish","type":"product","link":"https:\/\/meriansrl.com\/home\/producto\/torchas-minor-15-25-36\/","title":{"rendered":"Torchas Minor 15 \u2013 25 \u2013 36"},"content":{"rendered":"<ul>\n<li><strong>CARACTER\u00cdSTICAS EM-15<\/strong><\/li>\n<\/ul>\n<table border=\"0\" width=\"100%\" cellspacing=\"1\" cellpadding=\"1\" align=\"center\">\n<tbody>\n<tr>\n<td bgcolor=\"#E9EEF5\" width=\"60%\">M\u00c9TODO DE GUIADO<\/td>\n<td bgcolor=\"#E9EEF5\" width=\"40%\"><strong>MANUAL<\/strong><\/td>\n<\/tr>\n<tr>\n<td>TIPO DE PROCESO<\/td>\n<td><strong>MIG\/MAG<\/strong><\/td>\n<\/tr>\n<tr>\n<td bgcolor=\"#E9EEF5\">TIPO DE REFRIGERACI\u00d3N<\/td>\n<td bgcolor=\"#E9EEF5\"><strong>GAS<\/strong><\/td>\n<\/tr>\n<tr>\n<td>DI\u00c1METRO DEL ELECTRODO DEL HILO<\/td>\n<td><strong>0,6-1,0 mm<\/strong><\/td>\n<\/tr>\n<tr>\n<td bgcolor=\"#E9EEF5\">CAUDAL DE GAS<\/td>\n<td bgcolor=\"#E9EEF5\"><strong>8-12 l\/m<\/strong><\/td>\n<\/tr>\n<tr>\n<td>CLASE DE TENSI\u00d3N ACORDE CON UNE-EN 60974-1<\/td>\n<td><strong>113V CC<\/strong><\/td>\n<\/tr>\n<tr>\n<td bgcolor=\"#E9EEF5\">LONGITUD DE ANTORCHA<\/td>\n<td bgcolor=\"#E9EEF5\"><strong>3,4,5 mm<\/strong><\/td>\n<\/tr>\n<tr>\n<td>CONTROLES EL\u00c9CTRICOS<\/td>\n<td>Pulsador mecanico, microinterrruptor<\/td>\n<\/tr>\n<tr>\n<td bgcolor=\"#E9EEF5\">ENSAYOS REALIZADOS BAJO NORMATIVA<\/td>\n<td bgcolor=\"#E9EEF5\"><strong>EN-60974-7<\/strong><\/td>\n<\/tr>\n<\/tbody>\n<\/table>\n<div class=\"contentdivider\"><\/div>\n<p>&nbsp;<\/p>\n<ul>\n<li><strong>CARACTER\u00cdSTICAS EM-25<\/strong><\/li>\n<\/ul>\n<table border=\"0\" width=\"100%\" cellspacing=\"1\" cellpadding=\"1\" align=\"center\">\n<tbody>\n<tr>\n<td bgcolor=\"#E9EEF5\" width=\"60%\">M\u00c9TODO DE GUIADO<\/td>\n<td bgcolor=\"#E9EEF5\" width=\"40%\"><strong>MANUAL<\/strong><\/td>\n<\/tr>\n<tr>\n<td>TIPO DE PROCESO<\/td>\n<td><strong>MIG\/MAG<\/strong><\/td>\n<\/tr>\n<tr>\n<td bgcolor=\"#E9EEF5\">TIPO DE REFRIGERACI\u00d3N<\/td>\n<td bgcolor=\"#E9EEF5\"><strong>GAS<\/strong><\/td>\n<\/tr>\n<tr>\n<td>DI\u00c1METRO DEL ELECTRODO DEL HILO<\/td>\n<td><strong>0,6-1,2 mm<\/strong><\/td>\n<\/tr>\n<tr>\n<td bgcolor=\"#E9EEF5\">CAUDAL DE GAS<\/td>\n<td bgcolor=\"#E9EEF5\"><strong>8-15 l\/m<\/strong><\/td>\n<\/tr>\n<tr>\n<td>CLASE DE TENSI\u00d3N ACORDE CON UNE-EN 60974-1<\/td>\n<td><strong>113V CC<\/strong><\/td>\n<\/tr>\n<tr>\n<td bgcolor=\"#E9EEF5\">LONGITUD DE ANTORCHA<\/td>\n<td bgcolor=\"#E9EEF5\"><strong>3,4,5 mm<\/strong><\/td>\n<\/tr>\n<tr>\n<td>CONTROLES EL\u00c9CTRICOS<\/td>\n<td>Pulsador mecanico, microinterrruptor<\/td>\n<\/tr>\n<tr>\n<td bgcolor=\"#E9EEF5\">ENSAYOS REALIZADOS BAJO NORMATIVA<\/td>\n<td bgcolor=\"#E9EEF5\"><strong>EN-60974-7<\/strong><\/td>\n<\/tr>\n<\/tbody>\n<\/table>\n<div class=\"contentdivider\"><\/div>\n<p>&nbsp;<\/p>\n<ul>\n<li><strong>CARACTER\u00cdSTICAS EM-36<\/strong><\/li>\n<\/ul>\n<table border=\"0\" width=\"100%\" cellspacing=\"1\" cellpadding=\"1\" align=\"center\">\n<tbody>\n<tr>\n<td bgcolor=\"#E9EEF5\" width=\"60%\">M\u00c9TODO DE GUIADO<\/td>\n<td bgcolor=\"#E9EEF5\" width=\"40%\"><strong>MANUAL<\/strong><\/td>\n<\/tr>\n<tr>\n<td>TIPO DE PROCESO<\/td>\n<td><strong>MIG\/MAG<\/strong><\/td>\n<\/tr>\n<tr>\n<td bgcolor=\"#E9EEF5\">TIPO DE REFRIGERACI\u00d3N<\/td>\n<td bgcolor=\"#E9EEF5\"><strong>GAS<\/strong><\/td>\n<\/tr>\n<tr>\n<td>DI\u00c1METRO DEL ELECTRODO DEL HILO<\/td>\n<td><strong>1,0-1,6 mm<\/strong><\/td>\n<\/tr>\n<tr>\n<td bgcolor=\"#E9EEF5\">CAUDAL DE GAS<\/td>\n<td bgcolor=\"#E9EEF5\"><strong>10-18 l\/m<\/strong><\/td>\n<\/tr>\n<tr>\n<td>CLASE DE TENSI\u00d3N ACORDE CON UNE-EN 60974-1<\/td>\n<td><strong>113V CC<\/strong><\/td>\n<\/tr>\n<tr>\n<td bgcolor=\"#E9EEF5\">LONGITUD DE ANTORCHA<\/td>\n<td bgcolor=\"#E9EEF5\"><strong>3,4,5 mm<\/strong><\/td>\n<\/tr>\n<tr>\n<td>CONTROLES EL\u00c9CTRICOS<\/td>\n<td>Pulsador mecanico, microinterrruptor<\/td>\n<\/tr>\n<tr>\n<td bgcolor=\"#E9EEF5\">ENSAYOS REALIZADOS BAJO NORMATIVA<\/td>\n<td bgcolor=\"#E9EEF5\"><strong>EN-60974-7<\/strong><\/td>\n<\/tr>\n<\/tbody>\n<\/table>\n","protected":false},"excerpt":{"rendered":"<p>CARACTER\u00cdSTICAS EM-15 M\u00c9TODO DE GUIADO MANUAL TIPO DE PROCESO MIG\/MAG TIPO DE REFRIGERACI\u00d3N GAS DI\u00c1METRO DEL ELECTRODO DEL HILO 0,6-1,0 mm CAUDAL DE GAS 8-12 l\/m CLASE DE TENSI\u00d3N ACORDE CON UNE-EN 60974-1 113V CC LONGITUD DE ANTORCHA 3,4,5 mm CONTROLES EL\u00c9CTRICOS Pulsador mecanico, microinterrruptor ENSAYOS REALIZADOS BAJO NORMATIVA EN-60974-7 &nbsp; CARACTER\u00cdSTICAS EM-25 M\u00c9TODO DE [&hellip;]<\/p>\n","protected":false},"featured_media":792,"comment_status":"open","ping_status":"closed","template":"","meta":[],"class_list":{"0":"post-790","1":"product","2":"type-product","3":"status-publish","4":"has-post-thumbnail","6":"product_cat-torchas","7":"product_tag-torchas-minor-15-25-36","8":"yith_product_brand-ergodani","10":"first","11":"instock","12":"taxable","13":"shipping-taxable","14":"product-type-simple"},"_links":{"self":[{"href":"https:\/\/meriansrl.com\/home\/wp-json\/wp\/v2\/product\/790","targetHints":{"allow":["GET"]}}],"collection":[{"href":"https:\/\/meriansrl.com\/home\/wp-json\/wp\/v2\/product"}],"about":[{"href":"https:\/\/meriansrl.com\/home\/wp-json\/wp\/v2\/types\/product"}],"replies":[{"embeddable":true,"href":"https:\/\/meriansrl.com\/home\/wp-json\/wp\/v2\/comments?post=790"}],"wp:featuredmedia":[{"embeddable":true,"href":"https:\/\/meriansrl.com\/home\/wp-json\/wp\/v2\/media\/792"}],"wp:attachment":[{"href":"https:\/\/meriansrl.com\/home\/wp-json\/wp\/v2\/media?parent=790"}],"curies":[{"name":"wp","href":"https:\/\/api.w.org\/{rel}","templated":true}]}}